{"id":10,"date":"2021-04-23T13:30:03","date_gmt":"2021-04-23T11:30:03","guid":{"rendered":"https:\/\/hotelsiglisberg.sk\/?page_id=10"},"modified":"2025-04-29T12:39:24","modified_gmt":"2025-04-29T10:39:24","slug":"kontakt","status":"publish","type":"page","link":"https:\/\/hotelsiglisberg.sk\/?page_id=10","title":{"rendered":"Kontakt"},"content":{"rendered":"\n<p>Boutique Hotel SIGLISBERG ****<br>\u0160tiavnick\u00e9 Bane \u010d. 439<br>969 81 \u0160tiavnick\u00e9 Bane<br>Bansk\u00e1 \u0160tiavnica<br>Slovensko<\/p>\n\n\n\n<p>GPS 48\u00b026\u201921.1\u2033N 18\u00b052\u201902.8\u2033E<\/p>\n\n\n\n<p><\/p>\n\n\n\n<div class=\"wp-block-columns is-layout-flex wp-container-core-columns-is-layout-9d6595d7 wp-block-columns-is-layout-flex\">\n<div class=\"wp-block-column is-layout-flow wp-block-column-is-layout-flow\">\n<h6 class=\"wp-block-heading\">Recepcia:<\/h6>\n\n\n\n<p>+421 918 500 373<br>recepcia@hotelsiglisberg.sk<\/p>\n<\/div>\n\n\n\n<div class=\"wp-block-column is-layout-flow wp-block-column-is-layout-flow\">\n<h6 class=\"wp-block-heading\">Marketing:<\/h6>\n\n\n\n<p>+421 918 500 373<br>marketing@hotelsiglisberg.sk<\/p>\n<\/div>\n<\/div>\n\n\n\n<h6 class=\"wp-block-heading\">Faktura\u010dn\u00e9 \u00fadaje:<\/h6>\n\n\n\n<p>SLOVTRAVEL, s.r.o.<br>SNP 15\/33<br>965 01  \u017diar nad Hronom<\/p>\n\n\n\n<p>I\u010cO: 36 647 918<br>DI\u010c: 2022171899<br>I\u010c DPH: SK2022171899<br>IBAN: SK24 0200 0000 0041 4840 3656<br>SWIFT: SUBASKBX<br>Obchodn\u00fd register okr.s\u00fadu Bansk\u00e1 Bystrica, oddiel: Sro, vlo\u017eka \u010d\u00edslo 11518\/S<\/p>\n\n\n\n<figure class=\"wp-block-image size-large\"><img fetchpriority=\"high\" decoding=\"async\" width=\"1024\" height=\"576\" src=\"https:\/\/hotelsiglisberg.sk\/wp-content\/uploads\/2021\/09\/06B0A428-68EB-4F8C-B916-3602D63A7C41-1024x576.jpeg\" alt=\"\" class=\"wp-image-684\" srcset=\"https:\/\/hotelsiglisberg.sk\/wp-content\/uploads\/2021\/09\/06B0A428-68EB-4F8C-B916-3602D63A7C41-1024x576.jpeg 1024w, https:\/\/hotelsiglisberg.sk\/wp-content\/uploads\/2021\/09\/06B0A428-68EB-4F8C-B916-3602D63A7C41-300x169.jpeg 300w, https:\/\/hotelsiglisberg.sk\/wp-content\/uploads\/2021\/09\/06B0A428-68EB-4F8C-B916-3602D63A7C41-768x432.jpeg 768w, https:\/\/hotelsiglisberg.sk\/wp-content\/uploads\/2021\/09\/06B0A428-68EB-4F8C-B916-3602D63A7C41-1536x864.jpeg 1536w, https:\/\/hotelsiglisberg.sk\/wp-content\/uploads\/2021\/09\/06B0A428-68EB-4F8C-B916-3602D63A7C41.jpeg 2048w\" sizes=\"(max-width: 767px) 89vw, (max-width: 1000px) 54vw, (max-width: 1071px) 543px, 580px\" \/><\/figure>\n\n\n\n<figure class=\"wp-block-image size-large\"><img decoding=\"async\" width=\"1024\" height=\"576\" src=\"https:\/\/hotelsiglisberg.sk\/wp-content\/uploads\/2021\/09\/F6B8CA5D-F0D2-4436-BE8F-9F403C4336C0-1024x576.jpeg\" alt=\"\" class=\"wp-image-686\" srcset=\"https:\/\/hotelsiglisberg.sk\/wp-content\/uploads\/2021\/09\/F6B8CA5D-F0D2-4436-BE8F-9F403C4336C0-1024x576.jpeg 1024w, https:\/\/hotelsiglisberg.sk\/wp-content\/uploads\/2021\/09\/F6B8CA5D-F0D2-4436-BE8F-9F403C4336C0-300x169.jpeg 300w, https:\/\/hotelsiglisberg.sk\/wp-content\/uploads\/2021\/09\/F6B8CA5D-F0D2-4436-BE8F-9F403C4336C0-768x432.jpeg 768w, https:\/\/hotelsiglisberg.sk\/wp-content\/uploads\/2021\/09\/F6B8CA5D-F0D2-4436-BE8F-9F403C4336C0-1536x864.jpeg 1536w, https:\/\/hotelsiglisberg.sk\/wp-content\/uploads\/2021\/09\/F6B8CA5D-F0D2-4436-BE8F-9F403C4336C0.jpeg 2048w\" sizes=\"(max-width: 767px) 89vw, (max-width: 1000px) 54vw, (max-width: 1071px) 543px, 580px\" \/><\/figure>\n\n\n\n<p><strong>Na stiahnutie:<\/strong><br><a href=\"https:\/\/hotelsiglisberg.sk\/wp-content\/uploads\/2023\/02\/vseobecne-obchodne-podmienky-boutique-hotel-Siglisberg.pdf\">V\u0161eobecn\u00e9 obchodn\u00e9 podmienky <\/a><br><a href=\"https:\/\/hotelsiglisberg.sk\/wp-content\/uploads\/2023\/02\/reklamacny-poriadok-Boutique-hotel-Siglisberg.pdf\">Reklama\u010dn\u00fd poriadok<\/a> <br><a href=\"https:\/\/hotelsiglisberg.sk\/wp-content\/uploads\/2023\/02\/ubytovaci-a-hotelovy-poriadok-boutique-hotel-Siglisberg.pdf\">Ubytovac\u00ed poriadok<\/a><br><a href=\"https:\/\/hotelsiglisberg.sk\/wp-content\/uploads\/2023\/02\/PP-weln210525.pdf\">Prev\u00e1dzkov\u00fd poriadok wellness centra<\/a> <\/p>\n\n\n\n<p><\/p>\n","protected":false},"excerpt":{"rendered":"<p>Boutique Hotel SIGLISBERG ****\u0160tiavnick\u00e9 Bane \u010d. 439969 81 \u0160tiavnick\u00e9 BaneBansk\u00e1 \u0160tiavnicaSlovensko GPS 48\u00b026\u201921.1\u2033N 18\u00b052\u201902.8\u2033E Recepcia: +421 918 500 373recepcia@hotelsiglisberg.sk Marketing: +421 918 500 373marketing@hotelsiglisberg.sk Faktura\u010dn\u00e9 \u00fadaje: SLOVTRAVEL, s.r.o.SNP 15\/33965 01 \u017diar nad Hronom I\u010cO: 36 647 918DI\u010c: 2022171899I\u010c DPH: SK2022171899IBAN: SK24 0200 0000 0041 4840 3656SWIFT: SUBASKBXObchodn\u00fd register okr.s\u00fadu Bansk\u00e1 Bystrica, oddiel: Sro, vlo\u017eka \u010d\u00edslo &hellip; <\/p>\n<p class=\"link-more\"><a href=\"https:\/\/hotelsiglisberg.sk\/?page_id=10\" class=\"more-link\">Pokra\u010dova\u0165 v \u010d\u00edtan\u00ed<span class=\"screen-reader-text\"> &#8222;Kontakt&#8220;<\/span><\/a><\/p>\n","protected":false},"author":1,"featured_media":0,"parent":0,"menu_order":0,"comment_status":"closed","ping_status":"closed","template":"","meta":{"footnotes":""},"class_list":["post-10","page","type-page","status-publish","hentry"],"_links":{"self":[{"href":"https:\/\/hotelsiglisberg.sk\/index.php?rest_route=\/wp\/v2\/pages\/10","targetHints":{"allow":["GET"]}}],"collection":[{"href":"https:\/\/hotelsiglisberg.sk\/index.php?rest_route=\/wp\/v2\/pages"}],"about":[{"href":"https:\/\/hotelsiglisberg.sk\/index.php?rest_route=\/wp\/v2\/types\/page"}],"author":[{"embeddable":true,"href":"https:\/\/hotelsiglisberg.sk\/index.php?rest_route=\/wp\/v2\/users\/1"}],"replies":[{"embeddable":true,"href":"https:\/\/hotelsiglisberg.sk\/index.php?rest_route=%2Fwp%2Fv2%2Fcomments&post=10"}],"version-history":[{"count":15,"href":"https:\/\/hotelsiglisberg.sk\/index.php?rest_route=\/wp\/v2\/pages\/10\/revisions"}],"predecessor-version":[{"id":1318,"href":"https:\/\/hotelsiglisberg.sk\/index.php?rest_route=\/wp\/v2\/pages\/10\/revisions\/1318"}],"wp:attachment":[{"href":"https:\/\/hotelsiglisberg.sk\/index.php?rest_route=%2Fwp%2Fv2%2Fmedia&parent=10"}],"curies":[{"name":"wp","href":"https:\/\/api.w.org\/{rel}","templated":true}]}}