{"id":79,"date":"2021-04-23T16:25:14","date_gmt":"2021-04-23T14:25:14","guid":{"rendered":"https:\/\/hotelsiglisberg.sk\/?page_id=79"},"modified":"2025-11-13T15:29:13","modified_gmt":"2025-11-13T14:29:13","slug":"banicky-dom","status":"publish","type":"page","link":"https:\/\/hotelsiglisberg.sk\/?page_id=79","title":{"rendered":"Ban\u00edcky dom"},"content":{"rendered":"\n<p>Depandance hotela nach\u00e1dzaj\u00faci sa iba nieko\u013eko krokov od hlavnej hotelovej budovy.<\/p>\n\n\n\n<p>V dom\u010deku, ako ho famili\u00e1rne naz\u00fdvame, s\u00fa tri dvojzlo\u017ekov\u00e9 izby a jeden apartm\u00e1n. Kapacitu je mo\u017en\u00e9 doplni\u0165 o \u0161tyri pristelky. <\/p>\n\n\n\n<p>Depandance je mo\u017en\u00e9 prenaja\u0165 aj ako cel\u00fd objekt, pri\u010dom slu\u017eby hotela m\u00f4\u017eete vyu\u017e\u00edva\u0165 ako hotelov\u00fd hos\u0165. \u017del\u00e1te si s\u00fakromie i po\u010das ra\u0148ajok, obedov \u010di ve\u010der\u00ed? Ochotne V\u00e1m ich naserv\u00edrujeme v \u00fatulnej spolo\u010denskej miestnosti dom\u010deka.<\/p>\n\n\n\n<p>V Ban\u00edckom dom\u010deku v\u00e1s radi priv\u00edtame aj s va\u0161im zvierac\u00edm dom\u00e1cim mil\u00e1\u010dikom. Po va\u0161om odchode bude priestorom venovan\u00e1 zv\u00fd\u0161en\u00e1 pozornos\u0165 a \u0161peci\u00e1lne \u010distiace prostriedky.<\/p>\n\n\n\n<figure class=\"wp-block-image size-large\"><img fetchpriority=\"high\" decoding=\"async\" width=\"1024\" height=\"472\" src=\"https:\/\/hotelsiglisberg.sk\/wp-content\/uploads\/2021\/05\/B04C1587-9850-4264-9B3B-0D8E8F364B80-1024x472.jpeg\" alt=\"\" class=\"wp-image-314\" srcset=\"https:\/\/hotelsiglisberg.sk\/wp-content\/uploads\/2021\/05\/B04C1587-9850-4264-9B3B-0D8E8F364B80-1024x472.jpeg 1024w, https:\/\/hotelsiglisberg.sk\/wp-content\/uploads\/2021\/05\/B04C1587-9850-4264-9B3B-0D8E8F364B80-300x138.jpeg 300w, https:\/\/hotelsiglisberg.sk\/wp-content\/uploads\/2021\/05\/B04C1587-9850-4264-9B3B-0D8E8F364B80-768x354.jpeg 768w, https:\/\/hotelsiglisberg.sk\/wp-content\/uploads\/2021\/05\/B04C1587-9850-4264-9B3B-0D8E8F364B80-1536x708.jpeg 1536w, https:\/\/hotelsiglisberg.sk\/wp-content\/uploads\/2021\/05\/B04C1587-9850-4264-9B3B-0D8E8F364B80.jpeg 1600w\" sizes=\"(max-width: 767px) 89vw, (max-width: 1000px) 54vw, (max-width: 1071px) 543px, 580px\" \/><\/figure>\n\n\n\n<figure class=\"wp-block-image size-large\"><img decoding=\"async\" width=\"768\" height=\"1024\" src=\"https:\/\/hotelsiglisberg.sk\/wp-content\/uploads\/2025\/11\/IMG_9736-768x1024.jpg\" alt=\"\" class=\"wp-image-1376\" srcset=\"https:\/\/hotelsiglisberg.sk\/wp-content\/uploads\/2025\/11\/IMG_9736-768x1024.jpg 768w, https:\/\/hotelsiglisberg.sk\/wp-content\/uploads\/2025\/11\/IMG_9736-225x300.jpg 225w, https:\/\/hotelsiglisberg.sk\/wp-content\/uploads\/2025\/11\/IMG_9736-1152x1536.jpg 1152w, https:\/\/hotelsiglisberg.sk\/wp-content\/uploads\/2025\/11\/IMG_9736-1536x2048.jpg 1536w, https:\/\/hotelsiglisberg.sk\/wp-content\/uploads\/2025\/11\/IMG_9736-scaled.jpg 1920w\" sizes=\"(max-width: 767px) 89vw, (max-width: 1000px) 54vw, (max-width: 1071px) 543px, 580px\" \/><\/figure>\n\n\n\n<figure class=\"wp-block-image size-large\"><img decoding=\"async\" width=\"768\" height=\"1024\" src=\"https:\/\/hotelsiglisberg.sk\/wp-content\/uploads\/2025\/11\/IMG_9733-768x1024.jpg\" alt=\"\" class=\"wp-image-1377\" srcset=\"https:\/\/hotelsiglisberg.sk\/wp-content\/uploads\/2025\/11\/IMG_9733-768x1024.jpg 768w, https:\/\/hotelsiglisberg.sk\/wp-content\/uploads\/2025\/11\/IMG_9733-225x300.jpg 225w, https:\/\/hotelsiglisberg.sk\/wp-content\/uploads\/2025\/11\/IMG_9733-1152x1536.jpg 1152w, https:\/\/hotelsiglisberg.sk\/wp-content\/uploads\/2025\/11\/IMG_9733-1536x2048.jpg 1536w, https:\/\/hotelsiglisberg.sk\/wp-content\/uploads\/2025\/11\/IMG_9733-scaled.jpg 1920w\" sizes=\"(max-width: 767px) 89vw, (max-width: 1000px) 54vw, (max-width: 1071px) 543px, 580px\" \/><\/figure>\n\n\n\n<figure class=\"wp-block-image size-large\"><img loading=\"lazy\" decoding=\"async\" width=\"768\" height=\"1024\" src=\"https:\/\/hotelsiglisberg.sk\/wp-content\/uploads\/2025\/11\/IMG_9364-768x1024.jpg\" alt=\"\" class=\"wp-image-1378\" srcset=\"https:\/\/hotelsiglisberg.sk\/wp-content\/uploads\/2025\/11\/IMG_9364-768x1024.jpg 768w, https:\/\/hotelsiglisberg.sk\/wp-content\/uploads\/2025\/11\/IMG_9364-225x300.jpg 225w, https:\/\/hotelsiglisberg.sk\/wp-content\/uploads\/2025\/11\/IMG_9364-1152x1536.jpg 1152w, https:\/\/hotelsiglisberg.sk\/wp-content\/uploads\/2025\/11\/IMG_9364-1536x2048.jpg 1536w, https:\/\/hotelsiglisberg.sk\/wp-content\/uploads\/2025\/11\/IMG_9364-scaled.jpg 1920w\" sizes=\"(max-width: 767px) 89vw, (max-width: 1000px) 54vw, (max-width: 1071px) 543px, 580px\" \/><\/figure>\n\n\n\n<figure class=\"wp-block-image size-large\"><img loading=\"lazy\" decoding=\"async\" width=\"767\" height=\"1024\" src=\"https:\/\/hotelsiglisberg.sk\/wp-content\/uploads\/2025\/11\/IMG_9358-767x1024.jpg\" alt=\"\" class=\"wp-image-1379\" srcset=\"https:\/\/hotelsiglisberg.sk\/wp-content\/uploads\/2025\/11\/IMG_9358-767x1024.jpg 767w, https:\/\/hotelsiglisberg.sk\/wp-content\/uploads\/2025\/11\/IMG_9358-225x300.jpg 225w, https:\/\/hotelsiglisberg.sk\/wp-content\/uploads\/2025\/11\/IMG_9358-768x1025.jpg 768w, https:\/\/hotelsiglisberg.sk\/wp-content\/uploads\/2025\/11\/IMG_9358-1151x1536.jpg 1151w, https:\/\/hotelsiglisberg.sk\/wp-content\/uploads\/2025\/11\/IMG_9358-1534x2048.jpg 1534w, https:\/\/hotelsiglisberg.sk\/wp-content\/uploads\/2025\/11\/IMG_9358-scaled.jpg 1918w\" sizes=\"(max-width: 767px) 89vw, (max-width: 1000px) 54vw, (max-width: 1071px) 543px, 580px\" \/><\/figure>\n\n\n\n<figure class=\"wp-block-image size-large\"><img loading=\"lazy\" decoding=\"async\" width=\"1024\" height=\"768\" src=\"https:\/\/hotelsiglisberg.sk\/wp-content\/uploads\/2025\/11\/IMG_9343-1024x768.jpg\" alt=\"\" class=\"wp-image-1381\" srcset=\"https:\/\/hotelsiglisberg.sk\/wp-content\/uploads\/2025\/11\/IMG_9343-1024x768.jpg 1024w, https:\/\/hotelsiglisberg.sk\/wp-content\/uploads\/2025\/11\/IMG_9343-300x225.jpg 300w, https:\/\/hotelsiglisberg.sk\/wp-content\/uploads\/2025\/11\/IMG_9343-768x576.jpg 768w, https:\/\/hotelsiglisberg.sk\/wp-content\/uploads\/2025\/11\/IMG_9343-1536x1152.jpg 1536w, https:\/\/hotelsiglisberg.sk\/wp-content\/uploads\/2025\/11\/IMG_9343-2048x1536.jpg 2048w\" sizes=\"(max-width: 767px) 89vw, (max-width: 1000px) 54vw, (max-width: 1071px) 543px, 580px\" \/><\/figure>\n","protected":false},"excerpt":{"rendered":"<p>Depandance hotela nach\u00e1dzaj\u00faci sa iba nieko\u013eko krokov od hlavnej hotelovej budovy. V dom\u010deku, ako ho famili\u00e1rne naz\u00fdvame, s\u00fa tri dvojzlo\u017ekov\u00e9 izby a jeden apartm\u00e1n. Kapacitu je mo\u017en\u00e9 doplni\u0165 o \u0161tyri pristelky. Depandance je mo\u017en\u00e9 prenaja\u0165 aj ako cel\u00fd objekt, pri\u010dom slu\u017eby hotela m\u00f4\u017eete vyu\u017e\u00edva\u0165 ako hotelov\u00fd hos\u0165. \u017del\u00e1te si s\u00fakromie i po\u010das ra\u0148ajok, obedov \u010di &hellip; <\/p>\n<p class=\"link-more\"><a href=\"https:\/\/hotelsiglisberg.sk\/?page_id=79\" class=\"more-link\">Pokra\u010dova\u0165 v \u010d\u00edtan\u00ed<span class=\"screen-reader-text\"> &#8222;Ban\u00edcky dom&#8220;<\/span><\/a><\/p>\n","protected":false},"author":1,"featured_media":0,"parent":0,"menu_order":0,"comment_status":"closed","ping_status":"closed","template":"","meta":{"footnotes":""},"class_list":["post-79","page","type-page","status-publish","hentry"],"_links":{"self":[{"href":"https:\/\/hotelsiglisberg.sk\/index.php?rest_route=\/wp\/v2\/pages\/79","targetHints":{"allow":["GET"]}}],"collection":[{"href":"https:\/\/hotelsiglisberg.sk\/index.php?rest_route=\/wp\/v2\/pages"}],"about":[{"href":"https:\/\/hotelsiglisberg.sk\/index.php?rest_route=\/wp\/v2\/types\/page"}],"author":[{"embeddable":true,"href":"https:\/\/hotelsiglisberg.sk\/index.php?rest_route=\/wp\/v2\/users\/1"}],"replies":[{"embeddable":true,"href":"https:\/\/hotelsiglisberg.sk\/index.php?rest_route=%2Fwp%2Fv2%2Fcomments&post=79"}],"version-history":[{"count":7,"href":"https:\/\/hotelsiglisberg.sk\/index.php?rest_route=\/wp\/v2\/pages\/79\/revisions"}],"predecessor-version":[{"id":1383,"href":"https:\/\/hotelsiglisberg.sk\/index.php?rest_route=\/wp\/v2\/pages\/79\/revisions\/1383"}],"wp:attachment":[{"href":"https:\/\/hotelsiglisberg.sk\/index.php?rest_route=%2Fwp%2Fv2%2Fmedia&parent=79"}],"curies":[{"name":"wp","href":"https:\/\/api.w.org\/{rel}","templated":true}]}}